{"id":183,"date":"2022-09-15T11:16:56","date_gmt":"2022-09-15T14:16:56","guid":{"rendered":"https:\/\/arbelstore.net\/?post_type=product&#038;p=183"},"modified":"2025-12-02T11:52:39","modified_gmt":"2025-12-02T14:52:39","slug":"moedor-de-carne-arbel-mcrx-08-2-0-bivolt","status":"publish","type":"product","link":"https:\/\/arbelstore.com.br\/home\/produto\/moedor-de-carne-arbel-mcrx-08-2-0-bivolt\/","title":{"rendered":"Moedor de Carne Arbel MCRX 08 &#8211; 2.0 INOX Bivolt"},"content":{"rendered":"<p><strong>C\u00f3digo do Produto: 023.10.000.0001<\/strong><\/p>\n<p>Pot\u00eancia: 530\/480 W<br \/>\nFrequ\u00eancia: 60 Hz<br \/>\nRota\u00e7\u00e3o: 3.500 rpm<br \/>\nTens\u00e3o: 127\/220 V<br \/>\nProdu\u00e7\u00e3o estimada: 60 kg\/h<br \/>\nPeso: Bruto 13,380 kg \/ Liquido 12,310 kg<br \/>\nEmbalagem: Altura 32 cm \/Largura 28 cm \/ Comprimento 41 cm<br \/>\nNCM: 84385000<br \/>\nC\u00f3digo de Barras Moedor de Carne Arbel MCRX 08 &#8211; 2.0 Bivolt: 789.8284.811060<\/p>\n<p>Substituic\u0327a\u0303o Tributaria: 0%<br \/>\nBase de c\u00e1lculo do ICMS para estados: MG\/PR\/RJ\/RS\/SC: 73,34% \u2013 Ali\u0301quota de ICMS: 12%<br \/>\nBase de c\u00e1lculo do ICMS para SP: 48,89% \u2013 Ali\u0301quota de ICMS : 18%<br \/>\nOutros Estados base de ca\u0301lculo do ICMS: 73,43% \u2013 Ali\u0301quota de ICMS : 7%<\/p>\n","protected":false},"excerpt":{"rendered":"<p>Para deixar sua cozinha ainda mais bonita a Arbel coloca a op\u00e7\u00e3o do moedor de carne fabricado em a\u00e7o inox. Ideal para atender estabelecimento como: <strong>Hamburguerias<\/strong>, B<strong>ares, cozinhas industrias, hote\u0301is, lanchonetes, mercearias, propriedades rurais e reside\u0302ncias<\/strong>. Mo\u0301i ate\u0301 60 Kg de carne por hora e acompanha tr\u00eas funis para lingui\u00e7a.<\/p>\n<p><strong>Mo\u0301i trigo, soja hidratada, amendoim torrado ou cru, carne de frango e de peixe<\/strong>, ale\u0301m de auxiliar no preparo de diversos pratos, como por exemplo: <strong>Kibe, kafta, tofu\u0301, pamonha, pure\u0302 de batata, molho de tomate, nhoque<\/strong>, entre outros que voce\u0302 mesmo descobrira\u0301.<\/p>\n<p>O moedor de Carne Arbel MCRX 08 \u2013 2.0, e\u0301 compacto, robusto, bonito e muito dur\u00e1vel.<\/p>\n","protected":false},"featured_media":209,"comment_status":"open","ping_status":"closed","template":"","meta":{"_joinchat":[]},"product_cat":[47,45],"product_tag":[],"acf":[],"_links":{"self":[{"href":"https:\/\/arbelstore.com.br\/home\/wp-json\/wp\/v2\/product\/183"}],"collection":[{"href":"https:\/\/arbelstore.com.br\/home\/wp-json\/wp\/v2\/product"}],"about":[{"href":"https:\/\/arbelstore.com.br\/home\/wp-json\/wp\/v2\/types\/product"}],"replies":[{"embeddable":true,"href":"https:\/\/arbelstore.com.br\/home\/wp-json\/wp\/v2\/comments?post=183"}],"wp:featuredmedia":[{"embeddable":true,"href":"https:\/\/arbelstore.com.br\/home\/wp-json\/wp\/v2\/media\/209"}],"wp:attachment":[{"href":"https:\/\/arbelstore.com.br\/home\/wp-json\/wp\/v2\/media?parent=183"}],"wp:term":[{"taxonomy":"product_cat","embeddable":true,"href":"https:\/\/arbelstore.com.br\/home\/wp-json\/wp\/v2\/product_cat?post=183"},{"taxonomy":"product_tag","embeddable":true,"href":"https:\/\/arbelstore.com.br\/home\/wp-json\/wp\/v2\/product_tag?post=183"}],"curies":[{"name":"wp","href":"https:\/\/api.w.org\/{rel}","templated":true}]}}